{"id":450,"date":"2013-12-18T11:10:33","date_gmt":"2013-12-18T19:10:33","guid":{"rendered":"http:\/\/www.hmc.edu\/chemistry\/?page_id=450"},"modified":"2026-03-03T11:48:37","modified_gmt":"2026-03-03T19:48:37","slug":"publications","status":"publish","type":"page","link":"https:\/\/www.hmc.edu\/chemistry\/faculty-staff\/vosburg\/publications\/","title":{"rendered":"David A. Vosburg Publications"},"content":{"rendered":"\n<h2 class=\"wp-block-heading\">Professor Vosburg&#8217;s Chemistry Publication List<\/h2>\n\n\n\n<p><\/p>\n\n\n\n<p>50. \u201c<a href=\"https:\/\/www.thieme-connect.com\/products\/ejournals\/abstract\/10.1055\/a-2814-8200\" target=\"_blank\" rel=\"noreferrer noopener\">Creating a culture of green chemistry and innovation in the organic laboratory<\/a>,\u201d D.A.\u00a0Vosburg,\u00a0<em>Sustainability &amp; Circularity NOW<\/em>\u00a0<strong>2026<\/strong>,\u00a0<em>3<\/em>, a28148200.<br><br>49. \u201c<a href=\"https:\/\/doi.org\/10.1021\/acs.jchemed.5c00741\" target=\"_blank\" rel=\"noreferrer noopener\">A pyridine cyclization cascade with and without dichloromethane<\/a>,\u201d N.D. O\u2019Connor, T.K. Gasteazoro, L.N. Stemple, L. Zhu, S.D. Brucks, D.A.\u00a0Vosburg,\u00a0<em>J. Chem. Educ.<\/em>\u00a0<strong>2025<\/strong>,\u00a0<em>102<\/em>, 5269-5272.<\/p>\n\n\n\n<p>48. \u201c<a href=\"https:\/\/pubs.acs.org\/doi\/10.1021\/acs.jchemed.5c00106\" target=\"_blank\" rel=\"noreferrer noopener\">Alternatives to dichloromethane for teaching laboratories<\/a>,\u201d A. Milo, L. Chen, K.A. Grice, D.A.&nbsp;Vosburg,&nbsp;<em>J. Chem. Educ.<\/em><strong>&nbsp;2025<\/strong>,&nbsp;<em>102<\/em>, 2261-2267.<\/p>\n\n\n\n<p>47. \u201c<a href=\"https:\/\/doi.org\/10.1016\/j.rechem.2025.102191\" target=\"_blank\" rel=\"noreferrer noopener\">One-pot synthesis and biological evaluation of&nbsp;<em>N<\/em>-fused imidazoles as antibacterial agents and bacterial topoisomerase inhibitors<\/a>,\u201d E.P. Bentley, O.W. Song, I. Glassman, L. Johar, C.A. Alcantara, V.L. Show, A.R. Johnson, H. Szurmant, D.A.&nbsp;Vosburg,&nbsp;<em>Res. Chem.<\/em><strong>&nbsp;2025<\/strong>,&nbsp;<em>15<\/em>, 102191.<\/p>\n\n\n\n<p>46. \u201c<a href=\"https:\/\/pubs.acs.org\/doi\/10.1021\/acs.orglett.4c03363\" target=\"_blank\" rel=\"noreferrer noopener\">TCFH\u2013NMI ketone synthesis inspired by nucleophilicity scales<\/a>,\u201d J.H. Ho, G.H. Miller, K.K. Chung, S.D. Neibert, G.L. Beutner, D.A.&nbsp;Vosburg,&nbsp;<em>Org. Lett.<\/em><strong>&nbsp;2024<\/strong>,&nbsp;<em>26<\/em>, 8904-8909.<\/p>\n\n\n\n<p>45. \u201c<a href=\"https:\/\/pubs.acs.org\/doi\/10.1021\/acs.orglett.3c01611\" target=\"_blank\" rel=\"noreferrer noopener\">Beyond amide bond formation: TCFH as a reagent for esterification<\/a>,\u201d N.R. Luis, K.K. Chung, M.R. Hickey, Z. Lin, G.L. Beutner, D.A. Vosburg,&nbsp;<em>Org. Lett.<\/em><strong>&nbsp;2024<\/strong>,&nbsp;<em>26<\/em>, 2745-2750.<\/p>\n\n\n\n<p>44. \u201c<a rel=\"noreferrer noopener\" href=\"https:\/\/pubs.acs.org\/doi\/10.1021\/acs.jchemed.2c00760\" target=\"_blank\">Facile amide bond formation with TCFH\u2013NMI in an organic laboratory course<\/a>,\u201d O.W.M. Baldwin, L.H. Conrad-Marut, G.L. Beutner, D.A. Vosburg,&nbsp;<em>J. Chem. Educ.<\/em>,<strong>&nbsp;2022<\/strong>,&nbsp;<em>99<\/em>, 3747-3751.<\/p>\n\n\n\n<p>43. \u201c<a rel=\"noopener\" data-saferedirecturl=\"https:\/\/www.google.com\/url?q=https:\/\/pubs.acs.org\/doi\/10.1021\/acs.jchemed.2c00143&amp;source=gmail&amp;ust=1655397648585000&amp;usg=AOvVaw2bkEU2i_ltaou_x2OV753y\" href=\"https:\/\/pubs.acs.org\/doi\/10.1021\/acs.jchemed.2c00143\" target=\"_blank\">Multicomponent synthesis of lidocaine at room temperature<\/a>,\u201d M. Lee, N.J. Vosburg, E.A. Shimizu, M.A. Renter\u00eda-G\u00f3mez, R. G\u00e1mez-Monta\u00f1o, D.A. Vosburg, <em>J. Chem. Educ.<\/em><strong>,<\/strong><strong> 2022<\/strong>, <i>99<\/i>, 2399-2402.<\/p>\n\n\n\n<p>42. &#8220;<a href=\"https:\/\/journals.uc.edu\/index.php\/jrpct\/article\/view\/4340\">Disorientation, adaptation, empathy, and grace<\/a>,&#8221; D.A. Vosburg, <em>J. Res. Pract. Coll. Teach., <\/em><strong>2021,<\/strong> 6.<\/p>\n\n\n\n<p>41. \u201c<a href=\"https:\/\/pubs.acs.org\/doi\/full\/10.1021\/bk-2020-1345.ch006\">Engaging undergraduates in sustainability education and research<\/a>,\u201d D.A. Vosburg, In<em>Chemistry Education for a Sustainable Society. Vol 2: Innovations in Undergraduate Curricula<\/em>, ed. S.O. Obare, C.H. Middlecamp, K.E. Peterman, Washington, DC: American Chemical Society, <strong>2020<\/strong>, pp. 63-73.<\/p>\n\n\n\n<p>40. \u201c<a href=\"https:\/\/doi.org\/10.1002\/cctc.202000376\">Anthraquinones: Versatile organic photocatalysts<\/a>,\u201d J. Cervantes-Gonz\u00e1lez, D.A. Vosburg, S.E. Mora-Rodriguez, M.A. V\u00e1zquez, L.G. Zepeda, C. Villegas G\u00f3mez, S. Lagunas Rivera, <em>ChemCatChem, <\/em><strong>2020<\/strong>, <i>12<\/i>, 3811-3827.<\/p>\n\n\n\n<p>39. \u201c<a href=\"https:\/\/pubs-acs-org.ccl.idm.oclc.org\/doi\/10.1021\/acs.jchemed.9b00281\">How do I design a chemical reaction to do useful work?<\/a> Reinvigorating general chemistry by connecting chemistry and society,\u201d K.M. Van Heuvelen, G.W. Daub, L.N. Hawkins, A.R. Johnson, H. Van Ryswyk, D.A. Vosburg, <em>J. Chem. Educ.,<\/em><strong> <\/strong><strong>2020<\/strong>, <i>97<\/i>, 925-933. <\/p>\n\n\n\n<p>38. \u201c<a href=\"https:\/\/www.jstor.org\/stable\/10.5325\/jasseinsteffe.9.1-2.0001\">Emphasizing learning: The impact of student surveys in the reform of an introductory chemistry course<\/a>,\u201d K.M. Van Heuvelen, L.P. Blake, L.P., G.W. Daub, L.N. Hawkins, A.R. Johnson, H. Van Ryswyk, D.A. Vosburg,<em> Journal of Assessment and Institutional Effectiveness,<\/em><strong> <\/strong><strong>2019<\/strong>,<i>9<\/i>, 1-28.<\/p>\n\n\n\n<p>37. \u201c<a href=\"https:\/\/www.frontiersin.org\/articles\/10.3389\/fchem.2019.00546\/full\">Synthesis of tris-heterocycles via a cascade IMCR\/aza Diels\u2013Alder + CuAAC strategy<\/a>,\u201d M.A. Renter\u00eda-G\u00f3mez, A., Islas-J\u00e1come, S.G. Pharande, D.A. Vosburg, R. G\u00e1mez-Monta\u00f1o, <em>Front. Chem.,<\/em><strong> <\/strong><strong>2019<\/strong>, <i>7<\/i>, 546.<\/p>\n\n\n\n<p>36. \u201c<a href=\"https:\/\/pubs.acs.org\/doi\/10.1021\/acs.jchemed.8b00857\">Aqueous dearomatization\/Diels\u2013Alder cascade to a grandifloracin precursor<\/a>,\u201d E.A. Shimizu, B. Cory, J. Hoang, G.G. Castro, M.E. Jung, D.A. Vosburg, <em>J. Chem. Educ.,<\/em><strong> <\/strong><strong>2019<\/strong>, <em>96<\/em>, 998-1001.<\/p>\n\n\n\n<p>35. \u201c<a href=\"https:\/\/pubs.acs.org\/doi\/10.1021\/acscentsci.8b00747\">Canvass: A crowd-sourced, natural-product screening library for exploring biological space<\/a>,\u201d S.E. Kearney, G. Zahor\u00e1nszky-K\u0151halmi, K.R. Brimacombe, M.J. Henderson, C. Lynch, T. Zhao, K.K. Wan, Z. Itkin, C. Dillon, M. Shen, D.M. Cheff, T.D. Lee, D. Bougie, K. Cheng, N.P. Coussens, D. Dorjsuren, R.T. Eastman, R. Huang, M.J. Iannotti, S. Karavadhi, C. Klumpp-Thomas, J.S. Roth, S. Sakamuru, W. Sun, S.A. Titus, A. Yasgar, Y.Q. Zhang, J. Zhao, R.B. Andrade, M.K. Brown, N.Z Burns, J.K. Cha, E.E. Mevers, J. Clardy, J.A. Clement, P.A. Crooks, G.D. Cuny, J. Ganor, J. Moreno, L.A. Morrill, E. Picazo, R.B. Susick, N.K. Garg, B.C. Goess, R.B. Crossman, C.C. Hughes, J.N. Johnston, M.M. Joullie, A.D. Kinghorn, D.G.I. Kingston, M.J. Krische, O. Kwon, T.J. Maimone, S. Majumdar, K.M. Maloney, E. Mohamed, B.T. Murphy, P. Nagorny, D.E. Olson, L.E. Overman, L.E. Brown, J.K. Snyder, J.A. Porco, F. Rivas, Jr., S.A. Ross, R. Sarpong, I. Sharma, J.T. Shaw, Z. Xu, B. Shen, W. Shi, C.R.J. Stephenson, A.L. Verano, D.S. Tan, Y. Tang, R.E. Taylor, R.J. Thomson, D.A. Vosburg, J. Wu, W.M. Wuest, A. Zakarian, Y. Zhang, T. Ren, Z. Zuo, J. Inglese, S. Michael, A. Simeonov, W. Zheng, P. Shinn, A. Jadhav, M.B. Boxer, M.D. Hall, M. Xia, R. Guha, J.M. Rohde, <em>ACS Cent., Sci<\/em>., <strong>2018<\/strong>, <em>4<\/em>, 1727-1741.<\/p>\n\n\n\n<p>34. \u201c<a href=\"https:\/\/pubs.acs.org\/doi\/10.1021\/acs.joc.8b01594\">Divergent Diels-Alder reactions in the biosynthesis and synthesis of endiandric-type tetracycles: A computational study<\/a>,\u201d K.J. Kron, M. Kosich, R.J. Cave, D.A. Vosburg, <em>J. Org. Chem<\/em>., <strong>2018<\/strong>, <em>83<\/em>, 10941-10947.<\/p>\n\n\n\n<p>33. \u201c<a href=\"https:\/\/doi.org\/10.1016\/j.tet.2016.02.040\">Concise, diastereoconvergent synthesis of endiandric-type tetracycles by iterative cross coupling<\/a>,\u201d E.B. Go, S.P. Wetzler, L.J. Kim, A.Y. Chang, D.A. Vosburg, T<em>etrahedron,<\/em><strong> <\/strong><strong>2016<\/strong>, <em>72<\/em>, 3790-3794.<\/p>\n\n\n\n<p>32.\u201c<a href=\"https:\/\/pubs.acs.org\/doi\/abs\/10.1021\/acs.jchemed.5b00714\">Self-assembly, guest capture, and NMR spectroscopy of a metal\u2013organic cage in water<\/a>,\u201d E.B. Go, V. Srisuknimit, S.L. Cheng, D.A. Vosburg, <em>J<\/em><em>. Chem. Educ.,<\/em><strong> <\/strong><strong>2016<\/strong>, <em>93<\/em>, 368-371. Featured on the <a href=\"http:\/\/pubs.acs.org\/toc\/jceda8\/93\/2\">journal cover.<\/a><\/p>\n\n\n\n<p>31. \u201c<a href=\"https:\/\/www.thieme-connect.com\/products\/ejournals\/abstract\/10.1055\/s-0034-1380684\">Direct, biomimetic synthesis of (+)-artemone via a stereoselective, organocatalytic cyclization<\/a>,\u201d E.D. Nacsa, B.C. Fielder, S.P. Wetzler, V. Srisuknimit, J.P. Litz, M.J. Van Vleet, K. Quach, D.A. Vosburg, <em>Synthesis,<\/em><strong> <\/strong><strong>2015<\/strong>, <em>47<\/em>, 2599-2602. Featured in <a href=\"https:\/\/www.organic-chemistry.org\/Highlights\/2016\/18April.shtm\">Organic Chemistry Highlights<\/a> and in &#8220;<a rel=\"noopener noreferrer\" href=\"https:\/\/pubs.acs.org\/doi\/abs\/10.1021\/acs.chemrev.6b00834\" target=\"_blank\">Navigating the chiral pool in the total synthesis of complex terpene natural products<\/a>,&#8221; Brill, Z.G., Condakes, M.L., Ting, C.P., Maimone, T.J., <em>Chem. Rev<\/em>., <strong>2017<\/strong>, <em>117<\/em>, 11753-11795).<\/p>\n\n\n\n<p>30.\u201c<a href=\"https:\/\/doi.org\/10.1016\/j.phytochem.2015.03.015\">Radicinin from<em>Cochliobolus<\/em>sp. inhibits<em>Xylella fastidiosa<\/em>, the causal agent of Pierce\u2019s Disease of grapevine<\/a>,\u201d T.J. Aldrich, P.E. Rolshausen, M.C. Roper, J.M. Reader, M.J. Steinhaus, J. Rapicavoli, D.A. Vosburg, K.N. Maloney, <em>Phytochemistry, <\/em><strong>2015<\/strong>, <em>116<\/em>, 130-137, DOI: 10.1016\/j.phytochem.2015.03.015.<\/p>\n\n\n\n<p>29. \u201c<a href=\"https:\/\/pubs.acs.org\/doi\/abs\/10.1021\/ja5120437\">Cooperative loading and release behavior of a metal-organic receptor<\/a>,\u201d Q. Gan. T.K. Ronson, D.A. Vosburg, J.D. Thoburn, J.R. Nitschke, <em>J. Am. Chem. Soc., <\/em><strong>2015<\/strong>, <em>137<\/em>, 1770-1773.<\/p>\n\n\n\n<p>28. \u201c\u2018<a href=\"https:\/\/pubs.acs.org\/doi\/10.1021\/ed400445j\">Solvent-free synthesis and fluorescence of a thiol-reactive sensor for undergraduate organic laboratories<\/a>,\u201d A.L. Patterson, M.D. May, B.J. Visser, A.A. Kislukhin, D.A. Vosburg, <em>J<\/em><em>. Chem. Educ.,<\/em><strong> <\/strong><strong>2013<\/strong>, <em>90<\/em>, 1685-1687.<\/p>\n\n\n\n<p>27. \u201c\u2018<a href=\"https:\/\/pubs.acs.org\/doi\/abs\/10.1021\/ed300893u\">Click\u2019 and olefin metathesis chemistry in water at room temperature enabled by biodegradable micelles<\/a>,\u201d B.H. Lipshutz, Z. Boskovic, C.S. Crowe, V.K. Davis, H.C. Whittemore, D.A. Vosburg, A.G. Wenzel, <em>J. Chem. Educ<\/em>., <strong>2013<\/strong>, <em>90<\/em>, 1514-1517.<\/p>\n\n\n\n<p>26.\u201c<a href=\"https:\/\/www.thieme-connect.de\/DOI\/DOI?10.1055\/s-0033-1338429\">Synthesis of<em>cis<\/em>and<em>trans<\/em>davanoids: Artemone, hydroxydavanone, isodavanone, and nordavanone<\/a>,\u201d K.K. Wan, C.D. Evans-Klock, B.C. Fielder, D.A. Vosburg, S<em>ynthesis,<\/em> <strong>2013<\/strong>,<em>45<\/em>, 1541-1545.<\/p>\n\n\n\n<p>25. \u201cGreen chemistry and biochemistry,\u201d Vosburg, D.A., In <em>Chemistry for Changing Times<\/em>, J.W. Hill, T.W. McCreary, D.K. Kolb, 13th edition. New York: Pearson, <strong>2012<\/strong>, p. 467.<\/p>\n\n\n\n<p>24. \u201c<a href=\"https:\/\/pubs.acs.org\/doi\/abs\/10.1021\/ed100539m\">Chemoselective reactions of citral: Green syntheses of natural perfumes<\/a>,\u201d A.D. Cunningham, E.Y. Ham, D.A. Vosburg, <em>J. Chem. Educ<\/em>., <strong>2011<\/strong>,<em>88<\/em>, 322-324.<\/p>\n\n\n\n<p>23. \u201c<a href=\"https:\/\/doi.org\/10.1016\/j.tetasy.2010.08.011\">Two-step, stereoselective synthesis of linalyl oxides by asymmetric allylic<em>O<\/em>-alkylation<\/a>,\u201d K.K. Wan, J.P. Litz, D.A. Vosburg, T<em>etrahedron Asymm<\/em>., <strong>2010<\/strong>,<em>21<\/em>, 2425-2428.<\/p>\n\n\n\n<p>22. \u201c<a href=\"https:\/\/pubs.acs.org\/doi\/abs\/10.1021\/ed8001607\">Green, enzymatic syntheses of divanillin and diapocynin for the organic, biochemistry, or advanced general chemistry laboratory<\/a>,\u201d R.T. Nishimura, C.H. Giammanco, D.A. Vosburg, <em>J. Chem. Educ<\/em>., <strong>2010<\/strong>,<em>87<\/em>, 526-527.<\/p>\n\n\n\n<p>21. \u201c<a href=\"https:\/\/pubs.acs.org\/doi\/abs\/10.1021\/ed800040m\">A green, enantioselective synthesis of warfarin for the undergraduate organic laboratory<\/a>,\u201d T.C. Wong, C.M. Sultana, D.A. Vosburg, <em>J. Chem. Educ<\/em>., <strong>2010<\/strong>,<em>87<\/em>, 194-195.<\/p>\n\n\n\n<p>20. \u201c<a href=\"https:\/\/pubs.acs.org\/doi\/abs\/10.1021\/ol900697w\">A concise, biomimetic total synthesis of (+)-davanone<\/a>,\u201d K.C. Morrison, J.P. Litz, K.P. Scherpelz, D.P. Dossa, D.A. Vosburg, <em>Org. Lett<\/em>., <strong>2009<\/strong>,<em>11<\/em>, 2217-2218, (highlighted in \u201c<a rel=\"noopener noreferrer\" href=\"https:\/\/pubs.rsc.org\/en\/content\/articlelanding\/2009\/cs\/b821200g\" target=\"_blank\">The economies of synthesis<\/a>,\u201d T. Newhouse, P.S. Baran, R.W. Hoffmann, <em>Chem. Soc. Rev<\/em>., <strong>2009<\/strong>, <em>38<\/em>, 3010-3021).<\/p>\n\n\n\n<p>19. \u201c<a href=\"https:\/\/pubs.acs.org\/doi\/abs\/10.1021\/ed085p1519\">Teaching organic synthesis: a comparative case study approach<\/a>,\u201d D.A. Vosburg, <em>J. Chem. Educ<\/em>., <strong>2008<\/strong>, <em>85<\/em>, 1519-1523. Highlighted in &#8220;<a rel=\"noopener noreferrer\" href=\"https:\/\/pubs.acs.org\/doi\/abs\/10.1021\/ed085p1523\" target=\"_blank\">Novel organic courses<\/a>,&#8221; A.W. Clauss, on page 1523 of same issue.<\/p>\n\n\n\n<p>18. &#8220;Dynamic thiolation-thioesterase structure of a non-ribosomal peptide synthetase,&#8221; D.P. Frueh, H. Arthanari, A. Koglin, D.A. Vosburg, A.E. Bennett, C.T. Walsh, G. Wagner, <em>N<\/em><em>ature,<\/em><strong> <\/strong><strong>2008<\/strong>, <em>454<\/em>, 903-906 (highlighted on pages 832-833 of same issue).<\/p>\n\n\n\n<p>17. &#8220;Characterization of the aminocarboxycyclopropane-forming enzyme CmaC,&#8221; W.L. Kelly, M.T. Boyne, II, E. Yeh, D.A. Vosburg, D.P. Galonic, N.L. Kelleher, C.T. Walsh, <em>Biochemistry,<\/em><strong> <\/strong><strong>2007<\/strong>, <em>46<\/em>, 359-368.<\/p>\n\n\n\n<p>16. &#8220;Enzymatic generation of the antimetabolite \u03b3,\u03b3-dichloroaminobutyrate by NRPS and mononuclear iron halogenase action in a streptomycete,&#8221; M. Ueki, D.P. Galonic, F.H. Vaillancourt, S. Garneau-Tsodikova, E. Yeh, D.A. Vosburg, F.C. Schroeder, H. Osada, C.T. Walsh, <em>Chem. Biol<\/em>., <strong>2006<\/strong>, <em>13<\/em>, 1183-1191.<\/p>\n\n\n\n<p>15. &#8220;Nature&#8217;s inventory of halogenation catalysts: oxidative strategies predominate,&#8221; F.H. Vaillancourt, E. Yeh, D.A. Vosburg, S. Garneau-Tsodikova, C.T. Walsh, <em>Chem. Rev<\/em>., <strong>2006<\/strong>, <em>106<\/em>, 3364-3378.<\/p>\n\n\n\n<p>14. &#8220;Non-uniformly sampled double-TROSY hNcaNH experiments for NMR sequential assignments of large proteins,&#8221; D.P. Frueh, Z.Y.J. Sun, D.A. Vosburg, C.T. Walsh, J.C. Hoch, G. Wagner, <em>J. Am. Chem. Soc<\/em>., <strong>2006<\/strong>, <em>128<\/em>, 5757-5763.<\/p>\n\n\n\n<p>13.\u201cDichlorination and bromination of a threonyl-<em>S<\/em>-carrier protein by the non-heme Fe(II) halogenase SyrB2,\u201d F.H. Vaillancourt, D.A. Vosburg, C.T. Walsh, <em>ChemBioChem, <\/em><strong>2006<\/strong>, <em>7<\/em>, 748-752.<\/p>\n\n\n\n<p>12. &#8220;Determination of all nOes in<sup>1<\/sup>H-<sup>13<\/sup>C-Me-ILV-U-<sup>2<\/sup>H-<sup>15<\/sup>N proteins with two time-shared experiments,&#8221; D.P. Frueh, D.A. Vosburg, C.T. Walsh, G. Wagner, <em>J. Biomol. NMR,<\/em><strong> <\/strong><strong>2006<\/strong>, <em>34<\/em>, 31-40.<\/p>\n\n\n\n<p>11. &#8220;Cryptic chlorination by a non-heme iron enzyme during cyclopropyl amino acid biosynthesis,&#8221; F.J. Vaillancourt, E. Yeh, D.A. Vosburg, S.E. O&#8217;Connor, C.T. Walsh, <em>Nature,<\/em><strong> <\/strong><strong>2005<\/strong>, <em>436<\/em>, 1191-1194 (highlighted on page 1094 of same issue).<\/p>\n\n\n\n<p>10. &#8220;Nature&#8217;s assembly line logic for natural products,&#8221; C.T. Walsh, R.G. Kruger, D.A. Vosburg, <em>Chemtracts,<\/em><strong> <\/strong><strong>2005<\/strong>, <em>18<\/em>, 307-320.<\/p>\n\n\n\n<p>9. &#8220;Natural product biosynthetic assembly lines: prospects and challenges for reprogramming,&#8221; D.A. Vosburg, C.T. Walsh, <em>Ernst-Schering Res. Found. Workshop, <\/em><strong>2005<\/strong>, <em>51<\/em>, 261-284.<\/p>\n\n\n\n<p>8. &#8220;An enantioselective synthesis of FR182877 provides a chemical rationalization of its structure and affords multigram quantities of its direct precursor,&#8221; C.D. Vanderwal, D.A. Vosburg, S. Weiler, E.J. Sorensen, <em>J. Am. Chem. Soc<\/em>., <strong>2003<\/strong>, <em>125<\/em>, 5393-5407.<\/p>\n\n\n\n<p>7. &#8220;Concise stereocontrolled routes to fumagillol, fumagillin, and TNP-470,&#8221; D.A. Vosburg, S. Weiler, E.J. Sorensen, <em>Chirality,<\/em><strong> <\/strong><strong>2003<\/strong>, <em>15<\/em>, 156-166.<\/p>\n\n\n\n<p>6. &#8220;A synthesis of (+)-FR182877 featuring tandem transannular Diels-Alder reactions inspired by a postulated biogenesis,&#8221; D.A. Vosburg, C.D. Vanderwal, E.J. Sorensen, <em>J. Am. Chem. Soc<\/em>. <strong>2002<\/strong>, <em>124<\/em>, 4552-4553.<\/p>\n\n\n\n<p>5. &#8220;Intramolecular allenolate acylations in studies toward a synthesis of FR182877,&#8221; C.D. Vanderwal, D.A. Vosburg, E.J. Sorensen, <em>Org. Lett<\/em>., <strong>2001<\/strong>,<em>3<\/em>, 4307-4310.<\/p>\n\n\n\n<p>4. &#8220;Intramolecular hetero Diels-Alder routes to \u03b3-carboline alkaloids,&#8221; S.A. Snyder, D.A. Vosburg, M.G. Jarvis, J.H. Markgraf, <em>Tetrahedron,<\/em><strong> <\/strong><strong>2000<\/strong>, <em>56<\/em>, 5329-5335.<\/p>\n\n\n\n<p>3. &#8220;Postulated biogenesis of WS9885B and progress toward an enantioselective synthesis,&#8221; C.D. Vanderwal, D.A. Vosburg, S. Weiler, E.J. Sorensen, E.J., <em>Org. Lett<\/em>., <strong>1999<\/strong>, <em>1<\/em>, 645-648.<\/p>\n\n\n\n<p>2. &#8220;A concise synthesis of fumagillol,&#8221; D.A. Vosburg, W. Weiler, E.J. Sorensen, <em>Angew. Chem<\/em>., <strong>1999<\/strong>,<em>111<\/em>, 1024-1027 and <em>Angew. Chem. Int. Ed<\/em>., <strong>1999<\/strong>, <em>38<\/em>, 971-974.<\/p>\n\n\n\n<p>1. &#8220;A concise route to isocanthin-6-one,&#8221; J.H. Markgraf, S.A. Snyder, D.A. Vosburg, <em>T<\/em><em>etrahedron Lett<\/em>., <strong>1998<\/strong>, <em>39<\/em>, 1111-1112.<\/p>\n\n\n\n<h2 class=\"wp-block-heading\">Professor Vosburg\u2019s Science &amp; Religion Publication List<\/h2>\n\n\n\n<p>6. \u201cNavigating Knowledge: Creativity that Delights\u201d D.A. Vosburg, In<a rel=\"noopener\" data-saferedirecturl=\"https:\/\/www.google.com\/url?q=https:\/\/store.intervarsity.org\/scholars-compass-booklet\/&amp;source=gmail&amp;ust=1644446202697000&amp;usg=AOvVaw0A-vUhjwUS1pMJGnPL8SA-\" href=\"https:\/\/store.intervarsity.org\/scholars-compass-booklet\/\" target=\"_blank\"><i>Scholar&#8217;s Compass: Connecting Faith &amp; Work for Academics<\/i><\/a>, ed. Hannah Eagleson, InterVarsity, <b>2021<\/b>, pp. 23-25.<\/p>\n\n\n\n<p>5. \u201c<a href=\"http:\/\/www.revista-rypc.org\/2020\/01\/ciencia-y-fe-en-mexico-apreciaciones.html\">Ciencia y fe en M\u00e9xico: Apreciaciones de un qu\u00edmico<\/a>,\u201d D.A. Vosburg, <i>Nat. y Tras. (Rev. RYPC)<\/i>, <b>2020.<\/b> <\/p>\n\n\n\n<p>4. \u201cHow can we engage origins questions well?\u201d D.A. Vosburg, In <i>Science &amp; Faith: Student Questions Explored<\/i>, ed. Hannah Eagleson, Peabody, MA: Hendrickson, <b>2019<\/b>, pp. 51-54. <\/p>\n\n\n\n<p>3. <i>Jesus, Beginnings, and Science: A Guide for Group Conversation<\/i>, D.A. Vosburg, K. Vosburg, Farmville, VA: Pier Press, <b>2017<\/b>. <\/p>\n\n\n\n<p>2. \u201cWhat does Christ have to do with chemistry?\u201d D.A. Vosburg, In <i>Christians and Evolution: Christian Scholars Change Their Mind<\/i>, ed. R.J. Berry, Oxford: Monarch Books, <b>2014<\/b>, pp. 245-259. <\/p>\n\n\n\n<p>1. &#8220;<a href=\"http:\/\/highwaymedia.org\/videos\/feature-films\/from-the-dust\">From the Dust: Conversations in Creation<\/a>&#8221; study guide, D.A. Vosburg, Highway Media, <strong>2012<\/strong>.<\/p>\n","protected":false},"excerpt":{"rendered":"<p>Professor Vosburg&#8217;s Chemistry Publication List 50. \u201cCreating a culture of green chemistry and innovation in the organic laboratory,\u201d D.A.\u00a0Vosburg,\u00a0Sustainability &amp; [&hellip;]<\/p>\n","protected":false},"author":1,"featured_media":0,"parent":187,"menu_order":0,"comment_status":"closed","ping_status":"open","template":"","meta":{"_acf_changed":false,"footnotes":""},"class_list":["post-450","page","type-page","status-publish","hentry"],"acf":[],"_links":{"self":[{"href":"https:\/\/www.hmc.edu\/chemistry\/wp-json\/wp\/v2\/pages\/450","targetHints":{"allow":["GET"]}}],"collection":[{"href":"https:\/\/www.hmc.edu\/chemistry\/wp-json\/wp\/v2\/pages"}],"about":[{"href":"https:\/\/www.hmc.edu\/chemistry\/wp-json\/wp\/v2\/types\/page"}],"author":[{"embeddable":true,"href":"https:\/\/www.hmc.edu\/chemistry\/wp-json\/wp\/v2\/users\/1"}],"replies":[{"embeddable":true,"href":"https:\/\/www.hmc.edu\/chemistry\/wp-json\/wp\/v2\/comments?post=450"}],"version-history":[{"count":20,"href":"https:\/\/www.hmc.edu\/chemistry\/wp-json\/wp\/v2\/pages\/450\/revisions"}],"predecessor-version":[{"id":9586,"href":"https:\/\/www.hmc.edu\/chemistry\/wp-json\/wp\/v2\/pages\/450\/revisions\/9586"}],"up":[{"embeddable":true,"href":"https:\/\/www.hmc.edu\/chemistry\/wp-json\/wp\/v2\/pages\/187"}],"wp:attachment":[{"href":"https:\/\/www.hmc.edu\/chemistry\/wp-json\/wp\/v2\/media?parent=450"}],"curies":[{"name":"wp","href":"https:\/\/api.w.org\/{rel}","templated":true}]}}